{"id":3475,"date":"2020-12-23T16:01:50","date_gmt":"2020-12-23T13:01:50","guid":{"rendered":"https:\/\/temadam.com\/haberadam\/?page_id=3475"},"modified":"2020-12-23T16:01:51","modified_gmt":"2020-12-23T13:01:51","slug":"yayin-akislari","status":"publish","type":"page","link":"https:\/\/haberadam.temadam.com\/demo4\/yayin-akislari\/","title":{"rendered":"Yay\u0131n Ak\u0131\u015flar\u0131"},"content":{"rendered":"","protected":false},"excerpt":{"rendered":"","protected":false},"author":1,"featured_media":0,"parent":0,"menu_order":0,"comment_status":"closed","ping_status":"closed","template":"yayinakislari.php","meta":[],"_links":{"self":[{"href":"https:\/\/haberadam.temadam.com\/demo4\/wp-json\/wp\/v2\/pages\/3475"}],"collection":[{"href":"https:\/\/haberadam.temadam.com\/demo4\/wp-json\/wp\/v2\/pages"}],"about":[{"href":"https:\/\/haberadam.temadam.com\/demo4\/wp-json\/wp\/v2\/types\/page"}],"author":[{"embeddable":true,"href":"https:\/\/haberadam.temadam.com\/demo4\/wp-json\/wp\/v2\/users\/1"}],"replies":[{"embeddable":true,"href":"https:\/\/haberadam.temadam.com\/demo4\/wp-json\/wp\/v2\/comments?post=3475"}],"version-history":[{"count":1,"href":"https:\/\/haberadam.temadam.com\/demo4\/wp-json\/wp\/v2\/pages\/3475\/revisions"}],"predecessor-version":[{"id":3476,"href":"https:\/\/haberadam.temadam.com\/demo4\/wp-json\/wp\/v2\/pages\/3475\/revisions\/3476"}],"wp:attachment":[{"href":"https:\/\/haberadam.temadam.com\/demo4\/wp-json\/wp\/v2\/media?parent=3475"}],"curies":[{"name":"wp","href":"https:\/\/api.w.org\/{rel}","templated":true}]}}