{"id":3465,"date":"2020-12-06T12:05:33","date_gmt":"2020-12-06T09:05:33","guid":{"rendered":"https:\/\/temadam.com\/haberadam\/demo2\/gunluk-burc-yorumlari\/"},"modified":"2020-12-06T12:05:33","modified_gmt":"2020-12-06T09:05:33","slug":"gunluk-burc-yorumlari","status":"publish","type":"page","link":"https:\/\/haberadam.temadam.com\/demo2\/gunluk-burc-yorumlari\/","title":{"rendered":"G\u00fcnl\u00fck Bur\u00e7 Yorumlar\u0131"},"content":{"rendered":"","protected":false},"excerpt":{"rendered":"","protected":false},"author":1,"featured_media":0,"parent":0,"menu_order":0,"comment_status":"closed","ping_status":"closed","template":"gunluk-burc-yorumlari.php","meta":[],"_links":{"self":[{"href":"https:\/\/haberadam.temadam.com\/demo2\/wp-json\/wp\/v2\/pages\/3465"}],"collection":[{"href":"https:\/\/haberadam.temadam.com\/demo2\/wp-json\/wp\/v2\/pages"}],"about":[{"href":"https:\/\/haberadam.temadam.com\/demo2\/wp-json\/wp\/v2\/types\/page"}],"author":[{"embeddable":true,"href":"https:\/\/haberadam.temadam.com\/demo2\/wp-json\/wp\/v2\/users\/1"}],"replies":[{"embeddable":true,"href":"https:\/\/haberadam.temadam.com\/demo2\/wp-json\/wp\/v2\/comments?post=3465"}],"version-history":[{"count":0,"href":"https:\/\/haberadam.temadam.com\/demo2\/wp-json\/wp\/v2\/pages\/3465\/revisions"}],"wp:attachment":[{"href":"https:\/\/haberadam.temadam.com\/demo2\/wp-json\/wp\/v2\/media?parent=3465"}],"curies":[{"name":"wp","href":"https:\/\/api.w.org\/{rel}","templated":true}]}}